 3*l + 300 = 0, k - 2*l - 75 = -6*l. What is the remainder when k is divided by 13?
10
Let g(x) = 7*x**2 - x - 1. What is the remainder when 89 is divided by g(-2)?
2
Let i = 127 - 122. Suppose -5*s = -5*a + 13 + 17, 5*a + i*s - 10 = 0. What is the remainder when 34 is divided by a?
2
Suppose 34 = -s + 70. Suppose s = t + 5*t. Calculate the remainder when 16 is divided by t.
4
Let x = 81 + -79. What is the remainder when 108 is divided by x/(-14) - (-788)/28?
24
Let z(i) = -i**2 + 1. Let h(m) = 3*m**2 + 11*m - 13. Let d(c) = -h(c) - 2*z(c). What is the remainder when 123 is divided by d(-10)?
18
Let b = 32 + -19. Let u = -16 + 20. Suppose -3*n = -l - l - 197, -u*n + 248 = l. What is the remainder when n is divided by b?
11
Let a(q) = 8*q**3 + 2*q**2 - 1. Suppose -2*o + 3*w = -6, 6*o - o + 2*w - 34 = 0. What is the remainder when a(1) is divided by o?
3
Suppose 3*f - 52 = 2*q, -48 = -3*f - 3*q + 24. Suppose 5*n - 25 - f = 0. Suppose 0 = -4*x + 2*x + 68. Calculate the remainder when x is divided by n.
7
Let w = 465 + -424. What is the remainder when 199 is divided by w?
35
Let r(s) = -s**3 - 6*s**2 - s - 2. Let j be r(-6). Let g = j + 21. Let w = 37 - g. Calculate the remainder when w is divided by 7.
5
Let q(o) = o**3 + 22*o**2 + 37*o + 6. Calculate the remainder when q(-20) is divided by 37.
29
Calculate the remainder when ((-12)/8 - 1010/(-4)) + -4 is divided by 29.
15
Let z(x) = x**2 + 4*x - 50. What is the remainder when 146 is divided by z(8)?
8
Calculate the remainder when (-695)/(-10)*3 + 9/(-6) is divided by 19.
17
Suppose -4*q + 28 = u, -5*q + 9*u + 60 = 4*u. Let f(o) = 2*o + 29. What is the remainder when f(0) is divided by q?
5
Let y be (2 - 3) + -3 + -10. Let s = 83 + -53. What is the remainder when -4 - 7/(y/124) is divided by s?
28
Let h = -157 + 54. Let b = -80 - h. What is the remainder when 66 is divided by b?
20
Let k = -148 + 63. Calculate the remainder when (459/k)/((-3)/10) is divided by 5.
3
Let m be 14/2*90/35. Let k = 21 + -29. Let l = m + k. What is the remainder when 27 is divided by l?
7
Let o(z) be the second derivative of z**4/6 - z**3/3 + z**2/2 - 39*z. Calculate the remainder when 49 is divided by o(3).
10
Suppose l + 4*d = 3*l - 4, 5*l - 16 = 4*d. Suppose l*h - 22 = -2. What is the remainder when 21 is divided by h?
1
Let m = -24 + 29. Suppose -2*x + 2*s = m*s - 49, -4*x + 83 = s. What is the remainder when x is divided by 6?
2
Suppose 2*q = q - 2. Calculate the remainder when 52 is divided by q/(2/(-28)*2).
10
Let g(l) = -l**3 + 13*l**2 - 10*l + 10. Let n be g(13). Let y = -51 - n. Suppose 2*w = y - 3. What is the remainder when w is divided by 18?
15
Let w be (64 + 2 - 4) + 1. Suppose -10*h + 167 + w = 0. Calculate the remainder when 45 is divided by h.
22
Let j = 845 - 366. Calculate the remainder when j is divided by 30.
29
Let g be (-1 - -1) + (7 - 4 - 10). Let q(t) = -t**3 - 8*t**2 - 11*t - 23. What is the remainder when 39 is divided by q(g)?
4
Let i(m) = m - 18 + 14 + 18. What is the remainder when i(-8) is divided by 3?
0
Suppose 4 = -v + 3*v. Let k(m) = -m - 1. Let n be k(v). Calculate the remainder when 93 is divided by (-5 - n)/((-3)/48).
29
Suppose 4*p + 4*u - 452 = 0, -3*p + 398 - 65 = 5*u. What is the remainder when p is divided by 12?
8
Suppose -45 = -5*y + 2*r - 5*r, 3*y - 27 = -4*r. Suppose 0 = z - 5 - y. What is the remainder when z is divided by 6?
2
Suppose 11*z - 8*z = 126. Calculate the remainder when 79 is divided by z.
37
Suppose 4*k - 3 = 49. What is the remainder when 141 is divided by k?
11
Let c = 66 + -59. Suppose -2*h + c*h - 25 = 0. Suppose i - 32 + 3 = -3*y, -3*i + 31 = -5*y. Calculate the remainder when i is divided by h.
2
Suppose -2*z + 10 = -5*y, -z - 44 = -6*z + 3*y. Suppose 2*p - z = -2*f - 4, -27 = -2*f + 5*p. What is the remainder when 9 is divided by f?
3
Let h = 324 + -306. Let r be (73/(-2))/((-2)/(-4)). Let v = r - -126. What is the remainder when v is divided by h?
17
Suppose 2*p = 3*y - 13, 2*p - 13 = -4*y + 23. What is the remainder when 59 is divided by y?
3
Suppose 0 = 2*r - 3*q - 88 - 63, 383 = 5*r - 2*q. What is the remainder when r is divided by 33?
11
Let c = 207 + -172. Calculate the remainder when c is divided by 2.
1
Suppose 0*f - 3*f - 24 = 3*l, -5*l - 20 = f. Let r(h) = h**3 + 6*h**2 + 8*h + 3. Calculate the remainder when 12 is divided by r(l).
0
Let y(j) = -13*j - 6. Let b be y(-11). Let q = b - 85. What is the remainder when q is divided by 14?
10
Let t = 23 - 43. Let j = t - -33. Let a = 6468 - 6464. What is the remainder when j is divided by a?
1
Suppose -43 = -3*r + 4*f + 15, 5*r - 86 = 4*f. Calculate the remainder when 16 is divided by r.
2
Let t(u) = -u**3 + 18*u**2 - 15*u - 16. Suppose -27 = -6*c + 75. Calculate the remainder when 51 is divided by t(c).
15
Let l = 156 - 36. Suppose l - 44 = 4*y. What is the remainder when 54 is divided by y?
16
Let y(s) = -9*s**2 - 9*s - 19. Let g(k) = -5*k**2 - 5*k - 10. Let f = -11 + 17. Let o(u) = f*y(u) - 11*g(u). Calculate the remainder when o(-4) is divided by 5.
3
Let w be -554*1/6*-3. Suppose 382 = 5*s - 4*d + 111, 0 = 5*s + 2*d - w. Suppose -5*v + 10*v - 70 = 0. Calculate the remainder when s is divided by v.
13
Let i be (-4 + 1 - -8)/((-5)/(-2)). Suppose 0 = i*p + 5*n - 83, n = 6*p - 7*p + 40. What is the remainder when p is divided by 4?
3
Suppose 0*k + 3*k - 185 = 4*x, 4*x - 150 = -2*k. Calculate the remainder when k is divided by 13 - (-1 + 4) - -4.
11
Let y = -79 - -124. What is the remainder when 1482 is divided by y?
42
Let q = 1371 + -1040. Calculate the remainder when q is divided by 37.
35
Suppose 0 = 16*j - 13*j - 9. Suppose -j*s - 23 + 107 = 0. Suppose 0 = -m + 5*w + 35, 3*m = m - 4*w + 14. Calculate the remainder when s is divided by m.
13
Suppose 4*h = -5*n + 855, -3 = -n - 0. Suppose 4*l - l = h. Suppose 4*i - 6 = l. What is the remainder when i is divided by 10?
9
What is the remainder when 45 is divided by (-1261)/(-52) + 2/(-8)?
21
Suppose -4*t = 12, 5*o + 3*t - 7 = -1. Suppose -5*d + 30 = 5*j, 5*d + o = -2*j - 0. Let z = 158 - 128. Calculate the remainder when z is divided by j.
8
What is the remainder when 183 is divided by ((-27)/18)/((-6)/340)?
13
Let j(i) = -i**3 + 16*i**2 - 15*i + 41. What is the remainder when 162 is divided by j(15)?
39
Let c(a) = -a**3 + 7*a**2 - 8*a + 6. Let d(x) = x**3 - 11*x**2 + 2*x - 20. What is the remainder when c(5) is divided by d(11)?
0
Let y(l) = 2*l + 14. Let g be y(-8). What is the remainder when 30 is divided by 13/12*10 + g/(-12)?
8
Suppose -373 = -v - 137. Let w = 386 - v. Calculate the remainder when w is divided by 38.
36
Let p = 2404 + -1944. What is the remainder when p is divided by 66?
64
Let r(o) = o**3 + 35*o**2 - 10*o - 176. What is the remainder when r(-35) is divided by 57?
3
Let d = -30 - -143. Suppose 2*f + 5*x = 234 + d, -5*f + 4*x + 851 = 0. What is the remainder when f is divided by 43?
42
Let c(z) = z**2 - 14*z + 14. Let t be c(13). Suppose 4*h = 0, -5*h + 49 - t = 3*v. What is the remainder when 28 is divided by v?
12
Suppose -4 - 5 = -m. Let l = m + -7. Suppose -3*g - l*g + 45 = 0. Calculate the remainder when 24 is divided by g.
6
Let z(q) = 20*q**2 - 9*q - 7. Calculate the remainder when z(-3) is divided by 41.
36
Let o(h) = -h**2 - 12*h - 15. Let l = 68 + -74. Calculate the remainder when 83 is divided by o(l).
20
Suppose -3*z + 293 = -373. What is the remainder when z is divided by 14?
12
Calculate the remainder when 200 + (-5 + 2 + -3 - -3) is divided by 50.
47
Let k be -5*1*(-3 - -2). Suppose k*r + 3*d + 66 - 214 = 0, -140 = -5*r + 5*d. What is the remainder when -112*(6/15 + 72/(-80)) is divided by r?
27
Let h be -1*(0 + -53 - -4). Suppose -3*i + h = 4*i. Suppose i = c - 29. What is the remainder when c is divided by 13?
10
Let p be (-2 - 3)*(-4)/10. Suppose -53 = -p*c + 35. Calculate the remainder when c is divided by 12.
8
Suppose 6*l = 2*l + 24. Suppose -l*b + 27 = -3*b. Let n(a) = -a**3 + 9*a**2 + 5*a + 10. Calculate the remainder when n(b) is divided by 29.
26
Let q(n) = -3*n - 1. Let v be q(1). Let f be -2 + v/((-12)/21). Suppose -b = -17 - f. What is the remainder when 87 is divided by b?
21
Let t(z) = -z**3 - 2*z**2 + 2*z + 39. Calculate the remainder when 86 is divided by t(0).
8
Suppose 15 = 60*z - 57*z. 